, what is 3 + 94?
97
In base 13, what is 675 - 3?
672
In base 9, what is -3158 + 5?
-3153
In base 11, what is -770 + 3?
-768
In base 7, what is -4 - 164?
-201
In base 5, what is 3 - -10103?
10111
In base 7, what is -11 - 110?
-121
In base 4, what is 200 - -2?
202
In base 15, what is -18 + -4?
-1c
In base 11, what is 3 - 29?
-26
In base 4, what is 3320 - -2?
3322
In base 14, what is 38 + 69?
a3
In base 6, what is 223 - -1?
224
In base 9, what is -12 + 351?
338
In base 6, what is 2354 - -3?
2401
In base 3, what is -20 + 102?
12
In base 10, what is 181 - 26?
155
In base 15, what is -2b - -23?
-8
In base 3, what is 102 + 22?
201
In base 2, what is 1000111001 - 100?
1000110101
In base 4, what is -1 + -32?
-33
In base 2, what is -11010 - 1010?
-100100
In base 4, what is -13 - -112021?
112002
In base 8, what is -162 - -350?
166
In base 15, what is -5 + 4b4?
4ae
In base 3, what is 21 + -210220?
-210122
In base 14, what is 27 - -15?
3c
In base 13, what is -15 - 1b?
-33
In base 9, what is -1 - -28?
27
In base 3, what is 22221100 + -11?
22221012
In base 6, what is -3 - 334?
-341
In base 3, what is -1212022 + -10?
-1212102
In base 13, what is -5 + 261?
259
In base 7, what is -5 - -360?
352
In base 4, what is -1 + 33020?
33013
In base 7, what is 3 - -442?
445
In base 7, what is -4635 - 1?
-4636
In base 6, what is 2 + -2112?
-2110
In base 8, what is -22 + 75?
53
In base 2, what is 111111 + 10000?
1001111
In base 3, what is 12 + 2220?
10002
In base 11, what is -42 + 113?
81
In base 4, what is -222 - 111?
-333
In base 2, what is 11100 - 110?
10110
In base 9, what is -262 - 0?
-262
In base 14, what is c + -32?
-24
In base 9, what is -183 - -4?
-178
In base 16, what is -3 - 190?
-193
In base 15, what is a3 - 27?
7b
In base 9, what is -116 - 3?
-120
In base 3, what is 110122 + 2?
110201
In base 15, what is -7 - -83c?
835
In base 7, what is 20 - -1455?
1505
In base 13, what is 1a - -6b1?
6cb
In base 13, what is -5b + 17?
-44
In base 14, what is 7d + 21?
a0
In base 12, what is 14 - -2b?
43
In base 5, what is -1 - 11132?
-11133
In base 6, what is 115332 + -3?
115325
In base 2, what is -10 + 110101011?
110101001
In base 6, what is -1215 + -122?
-1341
In base 5, what is 433 - -4?
442
In base 14, what is -78d - -3?
-78a
In base 6, what is -1034 + 5?
-1025
In base 5, what is -3 + -40?
-43
In base 4, what is 3 - -1013?
1022
In base 11, what is -4a - 1?
-50
In base 15, what is -7d33 + -2?
-7d35
In base 10, what is -1362 + -6?
-1368
In base 9, what is 2 + 42?
44
In base 14, what is 4 + 1068?
106c
In base 15, what is ab7 + 2?
ab9
In base 8, what is -52 - -6?
-44
In base 3, what is 10200 - -2?
10202
In base 10, what is 0 + 2951?
2951
In base 12, what is 3 + -18b?
-188
In base 4, what is 331 - 11?
320
In base 11, what is -2 + 257?
255
In base 12, what is -5 + -58a?
-593
In base 10, what is 201 - -163?
364
In base 15, what is a6 + -12?
94
In base 12, what is 4 + -389?
-385
In base 3, what is -1 - -102100?
102022
In base 7, what is -2 - 146?
-151
In base 2, what is 100001000 - 1?
100000111
In base 7, what is 1216 + -5?
1211
In base 2, what is 110 + -1000001?
-111011
In base 12, what is -14b - -2?
-149
In base 2, what is 1100010 - -100000?
10000010
In base 10, what is 0 + 18?
18
In base 8, what is -1 + -36?
-37
In base 15, what is -a0 + -d0?
-180
In base 3, what is 12100122 + 12?
12100211
In base 7, what is 3045 - 2?
3043
In base 10, what is 5 + 16?
21
In base 10, what is -5 - 149?
-154
In base 15, what is 4987 - 5?
4982
In base 16, what is -1 + -25?
-26
In base 15, what is -955 - 4?
-959
In base 7, what is -302 - 3?
-305
In base 9, what is -1122 + -5?
-1127
In base 11, what is 2 - -24?
26
In base 12, what is 22 - -20?
42
In base 5, what is -4223 + -1?
-4224
In base 8, what is -7 - -70?
61
In base 10, what is 1 - -5?
6
In base 4, what is 1031 + 0?
1031
In base 13, what is -651 + 2?
-64c
In base 12, what is -17 - -88?
71
In base 11, what is -72 + -6?
-78
In base 11, what is -27 + -5?
-31
In base 14, what is -4 - 32?
-36
In base 16, what is 2 + -18?
-16
In base 14, what is cb + -5?
c6
In base 4, what is 13 - 31?
-12
In base 13, what is -4 + 43?
3c
In base 8, what is -13 - -1?
-12
In base 14, what is -25ac - 2?
-25b0
In base 2, what is -100 + 10100011?
10011111
In base 8, what is 4 + -40?
-34
In base 15, what is e - 10?
-1
In base 2, what is -10 + -1101001010?
-1101001100
In base 10, what is 341 + -20?
321
In base 7, what is 410 + 1?
411
In base 12, what is 56 + 4?
5a
In base 15, what is -e + 9?
-5
In base 13, what is -11 + 1bc?
1ab
In base 3, what is 122 + 101?
1000
In base 12, what is 4 + 196?
19a
In base 12, what is 1 + -218?
-217
In base 11, what is -1 + -751?
-752
In base 2, what is -1 + -110001?
-110010
In base 16, what is -3 + -1b?
-1e
In base 16, what is 8 - -35?
3d
In base 14, what is 128d - 1?
128c
In base 16, what is 2c0 - 6?
2ba
In base 15, what is 4 - -88?
8c
In base 7, what is -1 - -131?
130
In base 9, what is 36 - 2?
34
In base 5, what is 110 + -2?
103
In base 5, what is 210 + 0?
210
In base 2, what is 1101110000 + 10100?
1110000100
In base 9, what is 18 - 1?
17
In base 5, what is -4 + -311?
-320
In base 7, what is -2 - 113?
-115
In base 9, what is -102 - -4?
-87
In base 8, what is -60 + 73?
13
In base 14, what is 1 + -5b7?
-5b6
In base 5, what is -123413 - -10?
-123403
In base 2, what is 1100101 - 1?
1100100
In base 12, what is -2023 - 0?
-2023
In base 5, what is -41 - 11401?
-11442
In base 15, what is -2 + 33?
31
In base 4, what is -33 - -33?
0
In base 6, what is -5 + 300?
251
In base 6, what is -1 - -114?
113
In base 5, what is -10 - -341?
331
In base 11, what is -332 - 2?
-334
In base 6, what is -4 - -210?
202
In base 3, what is -2001 - -1212?
-12
In base 16, what is -1 + 4?
3
In base 8, what is 42 + -744?
-702
In base 5, what is -3403 + 1?
-3402
In base 9, what is 78 + -8?
70
In base 15, what is 6 - 15?
-e
In base 11, what is 263 + -4?
25a
In base 2, what is 101000 + -1000110011?
-1000001011
In base 11, what is 692 + -5?
688
In base 9, what is 23 + -32?
-8
In base 2, what is -1001010 - 1101001?
-10110011
In base 8, what is 25 + -37?
-12
In base 9, what is 17 - -37?
55
In base 14, what is 3b + -2?
39
In base 2, what is 11 + -100100?
-100001
In base 15, what is -2 + 4e7?
4e5
In base 2, what is 0 - -1011?
1011
In base 3, what is 2011201111 + 12?
2011201200
In base 15, what is -42 + -21?
-63
In base 8, what is 0 - 47?
-47
In base 9, what is 11 - 58?
-47
In base 16, what is 95 + 4?
99
In base 16, what is 0 + 7?
7
In base 13, what is -4 - -3c?
38
In base 14, what is 3 + -32?
-2d
In base 12, what is 153 + -b?
144
In base 11, what is 9 - 2?
7
In base 11, what is 4746 + -4?
4742
In base 4, what is 1321 + 3?
1330
In base 15, what is 14 + 4?
18
In base 16, what is -e4c - -4?
-e48
In base 6, what is 1003 - 2?
1001
In base 7, what is 3 + 106?
112
In base 7, what is -14 + -3453?
-3500
In base 6, what is -3 - 135?
-142
In base 6, what is 1 - 13?
-12
In base 4, what is 12113 - -11?
12130
In base 10, what is -3 - -3?
0
In base 6, what is -11 + -2521?
-2532
In base 8, what is 22 - 3?
17
In base 12, what is 147a - 7?
1473
In base 7, what is 4 + -3310?
-3303
In base 7, what is -32 + -2362?
-2424
In base 15, what is -ea - a?
-105
In base 5, what is -32 + 2334?
2302
In base 14, what is -69 + 2?
-67
In base 7, what is -1143 + 2?
-1141
In base 13, what is -4 - -3b?
37
In base 2, what is 1001 + -10111?
-1110
In base 9, what is 635 - 1?
634
In base 2, what is 101 + 1010111000?
1010111101
In base 5, what is 1 - -200143?
200144
In base 13, what is -4 - a?
-11
In base 13, what is -1 - 136?
-137
In base 2, what is 11111 + -11?
11100
In base 9, what is -17474 - 5?
-17480
In base 13, what is 16 - -13a?
153
In base 10, what is -66 + -154?
-220
In base 6, what is -1002 + 3?
-555
In base 7, what is 24 - 336?
-312
In base 9, what is -3580 - -2?
-3577
In base 6, what is -3 + 13204?
13201
In base 13, what is 156a + -2?
1568
In base 11, what is 93 + -2?
91
In base 2, what is 1 - -1001?
1010
In base 16, what is 0 - -17d?
17d
In base 7, what is -43 - 465?
-541
In base 4, what is 1 - -21023?
21030
In base 4, what is -31 + -201?
-232
In base 12, what is 66 + 4?
6a
In base 4, what is 12 + -10211?
-10133
In base 16, what is 17 + 0?
17
In base 2, what is 1000011 - -10001?
1010100
In base 3, what is -1